 8*d - 13. Let a be j(-14). Calculate the remainder when ((-2)/3)/(-1)*a is divided by ((-2)/1 + -15)/(-1).
15
Suppose 20 = 5*i, -i = 2*w - 5 + 1. Let n = w - -7. Suppose 2 = -3*j - o + n, 4*o = -4. Calculate the remainder when j is divided by 1.
0
Suppose -957 = -30*w + w. Calculate the remainder when 121 is divided by w.
22
Suppose -15 = -2*w + w + 5*h, -2*w - 4*h + 2 = 0. Suppose 2*z + 40 = 5*a + z, -w*a + 40 = 2*z. What is the remainder when 29 is divided by a?
5
Suppose -4*o - o - h = -163, 0 = 2*o + 4*h - 58. Suppose y - 32 = 2*y. Let f = -15 - y. Calculate the remainder when o is divided by f.
16
Let z(i) = -5*i - 8. Let d be z(-7). Suppose -u - 18 + d = 0. What is the remainder when u is divided by 3?
0
Let i = 14 - 15. Let k be -2 - i - (17 + 6). Calculate the remainder when 57 is divided by (-112)/(-6) + k/(-18).
17
Let z = -5 - -25. Let k = z + -8. Let q = 0 + k. Calculate the remainder when 34 is divided by q.
10
Suppose 135 = -37*i + 40*i. What is the remainder when 89 is divided by i?
44
Let g(b) = b**2 - 28*b + 15. What is the remainder when g(-8) is divided by 28?
23
Let s(a) = -3*a**3 - 12*a**2 - 8*a - 47. Calculate the remainder when 403 is divided by s(-5).
63
Let c be (-48)/10*(-90)/27. Suppose -2*m = 5*u - 3*m - c, -u = -3*m + 8. What is the remainder when 13 is divided by u?
1
Suppose 0*t - 98 = -3*t - 4*r, 0 = 4*t - 4*r - 84. Suppose -404*v = -362*v - 294. Calculate the remainder when t is divided by v.
5
Let p = -96 - 27. Let i = p + 164. Calculate the remainder when i is divided by 14.
13
Suppose -4*g = x - 34, -4*g = -g + 9. Let u be ((-20)/7)/(30/(-105)). Suppose -u*m + 2*m + 192 = 0. Calculate the remainder when x is divided by m.
22
Suppose 52 = -550*c + 554*c. Let l = 9 - -39. Calculate the remainder when l is divided by c.
9
Let j(q) = 7 + 2 - 6 + 0 - 3*q. What is the remainder when 42 is divided by j(-2)?
6
Suppose -16 = 6*g + 2. Let p(t) = -t**3 + t**2 - 1. Let c(u) = 5*u**3 - 6*u**2 + 3. Let s(v) = -c(v) - 4*p(v). What is the remainder when s(g) is divided by 16?
14
Let o(c) = c**3 - c + 6. Let p be o(0). Let n(u) = u**3 + 9*u**2 - 18*u - 10. What is the remainder when n(-10) is divided by 6/9 - (-104)/p?
16
Let i(f) = 55*f**2 + f. Let q(j) = -2*j + 5. Let o be q(3). What is the remainder when i(o) is divided by 14?
12
Let n(x) = -14*x**3 + 2*x**2 + 3*x. Let q be n(-2). Let y = -75 + q. Calculate the remainder when 76 is divided by y.
37
Suppose -2*a + 380 = 3*n, -4*a + 5*a = -n + 126. Calculate the remainder when n is divided by 17.
9
Calculate the remainder when (-5 + 729/6)/(2/4) is divided by 39.
38
Suppose -4*g - 76 - 121 = 5*k, 3*k = 2*g + 115. Let n = 106 + g. Let w = 31 - 17. Calculate the remainder when n is divided by w.
11
Suppose -3*l = -4*l + 17. Suppose 1 - l = 2*c + 5*j, -2*c + 12 = -2*j. Suppose -c*t = -5*t + 21. Calculate the remainder when 12 is divided by t.
5
Let o(p) = -8*p - 22. Calculate the remainder when 0 + 2/((-4)/(-270)) is divided by o(-7).
33
Let m be (8/6)/(12/9). Suppose m - 16 = -d. What is the remainder when 59 is divided by d?
14
Let l(i) = i + 1. Let y(q) = 4*q + 7. Let n be y(0). Let k = n + -7. What is the remainder when l(k) is divided by 1?
0
Suppose 50*y - 54*y + 1480 = l, 0 = 3*l - 5*y - 4355. What is the remainder when l is divided by 43?
41
Let r(a) = -a**3 + 18*a**2 - a + 26. Let j be r(18). Suppose -200 = -6*w - j. Calculate the remainder when w is divided by 12.
8
Suppose -17*f + 44*f = 270. Calculate the remainder when 116 is divided by f.
6
Let h be (4/(-3))/((-6)/9). Let j = -34 + 61. What is the remainder when j is divided by 68/4 - h*1?
12
Calculate the remainder when 118 is divided by -3*(85/(-10) + 4/(-8)).
10
Let j(d) = -d + 48. Calculate the remainder when 141 is divided by j(32).
13
Let c(o) = -o - 4. Let n be c(-8). Let a(f) = -f**2 + 6*f - 4. What is the remainder when 21 is divided by a(n)?
1
Let b(j) be the third derivative of -1/5*j**5 + 1/120*j**6 + 1/3*j**3 + 0*j + 0 + 1/2*j**4 + 5*j**2. What is the remainder when b(11) is divided by 8?
5
Let z(x) = 29*x - 68. Calculate the remainder when z(7) is divided by 71.
64
Let b(o) = 10*o + 270. What is the remainder when 231 is divided by b(-21)?
51
Calculate the remainder when 775 - (-6 + -1 + 6) is divided by 30.
26
Let n(u) = -4 + 5*u - 3*u + u. Let l(q) = -q**3 - 14*q**2 - 17*q + 13. What is the remainder when l(-13) is divided by n(7)?
14
Suppose 6 = 3*c - 3*p, -4*c - p + 21 - 8 = 0. What is the remainder when (2/3)/(3/18) is divided by c?
1
Let j(m) = 4*m**3 - 2*m**2 - 3*m + 5. Suppose 2*w = 2*o - 0 + 4, -w + 4 = 0. What is the remainder when 88 is divided by j(o)?
19
Suppose 0*f + f - 42 = 0. Calculate the remainder when f is divided by (-65)/(-7) + (-30)/105.
6
Let v(c) = -c - 1. Let u be v(-9). Suppose 0 = b + 1 - u. Calculate the remainder when 12 is divided by b.
5
Let v = -47 + 207. What is the remainder when v is divided by 51?
7
Suppose 161 - 1046 = 5*u. Let p = 296 + u. Calculate the remainder when p is divided by 20.
19
Let u = 361 - 250. Let l be (8 + -7)/((-153)/(-152) + -1). Suppose 0 = -28*z + 24*z + l. What is the remainder when u is divided by z?
35
Suppose -127*f = -137*f + 200. Let m = 98 + -40. Calculate the remainder when m is divided by f.
18
Let j be 120/(-18)*(-21)/4. Let d = 71 - j. What is the remainder when d is divided by 19?
17
Let i(s) = -68*s**3 - 2*s**2 + 1. Let m(t) = 5*t + 49. Let r be m(-10). Calculate the remainder when i(r) is divided by 24.
19
Suppose 8*r - 20 = 3*r. Let h = -6 + 9. Suppose 17 = g + 4*y, 3*g - 3*y - h = 3. Calculate the remainder when g is divided by r.
1
Let c(a) = -a**3 + 2*a**2 - 2*a - 1. Let i be c(3). Suppose -k + 5*k = 84. Calculate the remainder when k is divided by 9/(-2)*i/12.
3
Let t(p) = 5*p**2 + 2*p + 1. Let c be t(-1). Let w = -292 - -505. Suppose c*x = w - 77. What is the remainder when x is divided by 12?
10
What is the remainder when 137 is divided by (-1683)/(-33) + 2 + -7?
45
Let a = 47 - 26. Calculate the remainder when (-3)/7 + (-3504)/(-42) is divided by a.
20
Let q(w) be the third derivative of 7*w**4/12 - 5*w**3/6 - 5*w**2. Let d = 13 + -5. Calculate the remainder when q(2) is divided by d.
7
Suppose 6*n + 200 = 5*m + 11*n, 0 = -5*m - 2*n + 212. Calculate the remainder when m is divided by 15.
14
Suppose -253 + 379 = 9*q. Calculate the remainder when 136 is divided by q.
10
Suppose -248 = 10*j - 718. What is the remainder when j is divided by 28?
19
Suppose -43 = 5*z - 143. Let t be (-21)/14*z/(-3). Calculate the remainder when 96 is divided by -75*(t/(-15))/2.
21
Suppose -q - w = -0*w - 11, 3*q = w + 21. What is the remainder when 48 - (q - 11)*(-2)/(-3) is divided by 27?
23
Let y be (-862)/(-8) - (-3)/(-4). Suppose -3*b + y = -385. Calculate the remainder when 69 is divided by 12/(-54) - b/(-9).
15
What is the remainder when 12 + -3755*(-8)/40 is divided by 48?
43
Let j = 1 + 2. Suppose 4*y = -5*n + 452, j*n - 7*n = 5*y - 556. Calculate the remainder when y is divided by 28.
24
Let q = -8 + 6. Let x be (3/q)/(12/(-32)). Suppose x*g - 2*g = 20. Calculate the remainder when 39 is divided by g.
9
Suppose 5*h = -m + 8, -h - 2*h = -4*m + 9. Let d(n) = n + 10*n**3 + 28*n**3 - 2 + 11*n**3. Calculate the remainder when d(h) is divided by 17.
14
Suppose 4*j - 213 = -2*i - 3*i, 0 = -5*i + 4*j + 237. Suppose 4*x + 102 = -10. Let w = 40 + x. Calculate the remainder when i is divided by w.
9
Let g = -554 - -566. Calculate the remainder when 32 is divided by g.
8
Suppose 4*s - 3 + 7 = 0. What is the remainder when 89 is divided by s*-46*(-3)/(-6)?
20
Let z = 37 + -63. Let n = 46 + z. What is the remainder when n is divided by 11?
9
Suppose 98*b - 103*b = -95. What is the remainder when 226 is divided by b?
17
Let c(s) = 6*s**2 - s - 6. Let f be c(3). Suppose 8*l + f = 197. What is the remainder when l is divided by 7?
5
Suppose 0 = 2*y - 9 + 1. Suppose -4*d - 2*x = -12 - 2, y*d - x = 17. Suppose -4*u = -3*c - 18, -d*u = c - 11 + 1. What is the remainder when 7 is divided by u?
1
Suppose 0 = -4*w + 6*w + 30. Let x = 109 + w. Let r = -1747 - -1771. Calculate the remainder when x is divided by r.
22
Let v(w) = 21*w**2 - w. Let p = 44 - 11. What is the remainder when p is divided by v(-1)?
11
Let w(f) = f**3 + 5*f**2 + 3*f - 1. Let t 